2 - 27*i - 5. Determine w(-2).
-27
Let y(r) = r**2 - 27*r - 205. Determine y(33).
-7
Let f(l) = 15*l - 21. Calculate f(-2).
-51
Let t(f) = -f**2 - 13*f - 25. What is t(-10)?
5
Let o(m) = m**3 - 7*m**2 + 18*m - 2. Give o(4).
22
Let q(w) = -w**3 - 9*w**2 - 2*w + 18. Determine q(-8).
-30
Let u(t) = t**2 + 6*t - 134. Give u(9).
1
Let m(j) = j**2 + 13*j - 15. Determine m(-14).
-1
Let s(x) = -4*x - 34. Calculate s(-8).
-2
Let k(a) = 7*a**3 - 4*a**2 - a + 4. Determine k(1).
6
Let r(p) = -p**2 + 14*p + 20. Give r(16).
-12
Let p(t) = t + 2. Determine p(-14).
-12
Let m(i) = -i**3 + 57*i**2 - 56*i - 42. Give m(56).
-42
Let k(z) = -z**3 + 20*z**2 - 14*z - 11. Calculate k(19).
84
Let j(f) = f**2 + 29*f + 159. What is j(-19)?
-31
Let f(y) = -55*y**2 + 1. Give f(1).
-54
Let o(i) = -3*i + 6. Determine o(1).
3
Let f(s) = -s**3 - 3*s**2 + s + 1. Determine f(2).
-17
Let k(y) = -5*y**3 + y**2 + y - 3. Give k(2).
-37
Let p(o) = -22*o + 17. Calculate p(-3).
83
Let x(o) = o - 40. Determine x(18).
-22
Let l(f) = -f**3 - 5*f**2 - 9*f + 4. Calculate l(-3).
13
Let h(q) = 8*q + 224. What is h(-28)?
0
Let f(u) = -4*u + 17. What is f(-2)?
25
Let b(n) = -7*n**3 - 2*n**2 + 2*n + 3. What is b(-2)?
47
Let s(l) = 2*l + 19. Calculate s(-10).
-1
Let p(b) = -34*b - 2. Give p(-1).
32
Let i(d) = d**2 - 3*d - 69. What is i(11)?
19
Let x(o) = o**2 + 8*o - 11. Determine x(-9).
-2
Let w(h) = -15*h - 7. Determine w(3).
-52
Let d(z) = -z**2 - 1. Give d(1).
-2
Let b(n) = n**2 + 7*n + 5. Calculate b(-5).
-5
Let z(p) = p**3 + 26*p**2 - 30*p - 73. What is z(-27)?
8
Let s(x) = 25*x + 19. Determine s(-1).
-6
Let k(o) = 24*o + 677. What is k(-28)?
5
Let g(v) = v + 23. Give g(8).
31
Let a(o) = -o + 8. Determine a(9).
-1
Let f(k) = k**3 - 4*k**2 + k + 1. What is f(3)?
-5
Let t(v) = v**3 - 6*v**2 + 4*v + 3. Calculate t(6).
27
Let q(d) = -d**2 + 12*d - 4. What is q(10)?
16
Let p(w) = w**3 + 3*w**2 - 2*w + 4. Calculate p(-5).
-36
Let u(c) = 11*c**3 + 2*c + 2. Determine u(-2).
-90
Let y(d) = d**2 + 6*d + 11. Calculate y(-4).
3
Let y(m) = -21*m + 30. Give y(-3).
93
Let p(s) = s**2 + 9*s - 8. Calculate p(-9).
-8
Let o(l) = -l**3 + 12*l**2 - 23*l + 33. Determine o(10).
3
Let x(j) = j**2 - 31*j - 321. What is x(39)?
-9
Let t(f) = -f - 9. Determine t(3).
-12
Let o(v) = -13*v**3 + v**2. Determine o(1).
-12
Let n(g) = -3*g**2 + 9*g + 22. What is n(7)?
-62
Let c(d) = -31*d - 808. Calculate c(-26).
-2
Let v(z) = 30*z + 3. Give v(1).
33
Let k(l) = -2*l**2 - 98*l - 101. Determine k(-48).
-5
Let n(w) = -w**2 - 12*w - 58. Give n(-13).
-71
Let u(x) = x**3 - 30*x**2 - 100*x + 13. Calculate u(33).
-20
Let d(p) = 3*p - 40. What is d(15)?
5
Let h(t) = -t - 34. Give h(0).
-34
Let m(g) = -12*g + 105. Give m(8).
9
Let p(z) = -2*z - 10. What is p(-9)?
8
Let h(t) = 2*t - 23. Calculate h(8).
-7
Let k(p) = 34*p + 2. Give k(-1).
-32
Let z(r) = r**3 + 3*r**2 + 2*r - 3. Give z(-5).
-63
Let c(j) = 6*j - 57. Give c(13).
21
Let x(k) = -7*k - 116. Determine x(-17).
3
Let r(z) = z**3 + 20*z**2 - 20*z + 26. Determine r(-21).
5
Let t(q) = -q**3 + 10*q**2 + 13*q + 26. Calculate t(11).
48
Let u(n) = -7*n**2 + 10*n - 9. What is u(1)?
-6
Let v(j) = -j**2 + 6*j + 27. Determine v(9).
0
Let x(j) = -9*j + 66. Give x(8).
-6
Let g(t) = 9*t + 1. Determine g(-4).
-35
Let m(j) = -j**2 + 40*j - 241. What is m(33)?
-10
Let y(f) = f**2 + 9*f - 31. Determine y(3).
5
Let n(k) = k**2 - 12*k - 15. What is n(13)?
-2
Let q(x) = 20*x + 58. Calculate q(-7).
-82
Let w(x) = -x**3 - 6*x**2 + 3*x + 5. What is w(-7)?
33
Let k(t) = 2*t - 1. Determine k(4).
7
Let b(k) = k**2 + k - 25. What is b(-5)?
-5
Let d(i) = -58*i. What is d(1)?
-58
Let n(z) = -z - 27. What is n(-20)?
-7
Let b(o) = 10*o + 353. Calculate b(-34).
13
Let l(t) = t**3 - 6*t**2. Determine l(6).
0
Let d(z) = z**2 + 6*z - 8. What is d(-12)?
64
Let n(h) = -18*h + 116. Determine n(7).
-10
Let p(v) = -12*v**2 - 7*v - 7. Determine p(-1).
-12
Let o(h) = h + 2. Calculate o(-9).
-7
Let a(r) = -6*r + 6. Give a(7).
-36
Let g(i) = -i - 6. Calculate g(-10).
4
Let j(d) = d**2 + 10*d - 46. Determine j(-14).
10
Let i(r) = -r**3 - 8*r**2 + 5*r - 33. What is i(-9)?
3
Let b(f) = f - 4. What is b(9)?
5
Let a(c) = c - 15. Determine a(7).
-8
Let j(v) = v**3 + 2*v**2 + 2*v. Calculate j(-1).
-1
Let h(b) = b**2 - 10. What is h(4)?
6
Let b(g) = 3*g - 20. Determine b(5).
-5
Let a(v) = 2*v - 4. Calculate a(-2).
-8
Let u(g) = g**3 + 15*g**2 + 58*g + 13. Calculate u(-7).
-1
Let j(h) = -h**3 + 13*h**2 - 11*h + 7. Calculate j(12).
19
Let h(j) = -2*j + 6. What is h(4)?
-2
Let t(u) = 4*u - 40. Determine t(8).
-8
Let h(r) = -r**3 - 9*r**2 - 10*r - 19. What is h(-8)?
-3
Let x(j) = 3*j**2 + 2. Give x(-3).
29
Let s(m) = -2*m**2 + 2*m - 6. Calculate s(6).
-66
Let p(x) = -6*x**2 - 7*x - 1. Determine p(-1).
0
Let q(d) = -119*d + 594. Give q(5).
-1
Let d(r) = r**3 + 7*r**2 + 3*r - 4. What is d(-6)?
14
Let f(r) = -7*r + 11. Give f(2).
-3
Let s(q) = q**2 + 5*q - 2. Determine s(-7).
12
Let v(d) = 6*d**2 + d + 1. Determine v(3).
58
Let c(n) = -6*n - 3. Determine c(-6).
33
Let h(u) = -5*u**2 + 49*u + 13. What is h(10)?
3
Let t(a) = -34*a - 100. Determine t(-3).
2
Let m(f) = 3*f**3 - 2*f + 1. Determine m(1).
2
Let a(w) = -2*w - 3. Determine a(-8).
13
Let o(n) = n**3 + 17*n**2 + 14*n - 9. What is o(-16)?
23
Let p(a) = 2*a**2 - 8*a + 22. Determine p(4).
22
Let j(a) = -6*a**3 - 2*a**2 + 1. Determine j(-1).
5
Let k(o) = -2*o - 20. Calculate k(-11).
2
Let l(z) = 3*z + 4. Give l(6).
22
Let z(y) = -3*y**3 + y**2 - y. What is z(2)?
-22
Let v(m) = -m**3 - 10*m**2 + 13*m + 138. Calculate v(-10).
8
Let u(o) = -o**3 - 5*o**2 + 4*o + 12. What is u(-5)?
-8
Let m(v) = v**3 + 9*v**2 + 19*v - 4. Give m(-6).
-10
Let d(r) = -97*r - 487. Determine d(-5).
-2
Let b(u) = -15*u - 14. Calculate b(2).
-44
Let s(z) = z**3 + 2*z**2 - 3*z - 9. Give s(3).
27
Let x(o) = o**2 - 10. Give x(-5).
15
Let a(r) = 3*r - 32. Give a(-13).
-71
Let v(n) = 4*n - 5. Determine v(2).
3
Let a(l) = 9*l - 60. Give a(6).
-6
Let k(i) = i**2 - 17*i - 35. What is k(11)?
-101
Let z(s) = s**3 - 7*s**2 + 6*s - 2. Determine z(5).
-22
Let w(y) = -y**3 - 12*y**2 + 11*y + 4. Calculate w(-13).
30
Let a(j) = -2*j - 31. What is a(-10)?
-11
Let u(l) = -27*l - 15. Determine u(-3).
66
Let f(p) = -4*p**3 - 2*p**2 + 3*p + 3. Calculate f(-2).
21
Let y(j) = 3*j**2 + 2. Calculate y(2).
14
Let y(l) = l**3 - 5*l**2 - 5*l + 29. Calculate y(5).
4
Let v(k) = -k**3 - 4*k**2 + 2*k - 2. Calculate v(-5).
13
Let w(a) = 2*a**2 - 3*a - 8. Calculate w(-4).
36
Let x(p) = 3*p**3 - 3*p**2 - p + 4. What is x(2)?
14
Let x(j) = -j**2 + 30*j - 19. What is x(30)?
-19
Let f(s) = -2*s**2 + 13*s + 27. Give f(13).
-142
Let r(a) = 8*a - 5. Give r(6).
43
Let c(l) = 7*l + 86. Give c(-11).
9
Let i(b) = -2*b - 8. What is i(-16)?
24
Let n(y) = 6*y. Calculate n(1).
6
Let s(o) = -o**2 - 5*o + 4. Give s(-7).
-10
Let w(p) = p**2 - 18*p + 9. Determine w(16).
-23
Let i(u) = -u**2 - 39*u - 143. What is i(-35)?
-3
Let t(r) = -3*r**2 + 21*r + 101. What is t(-4)?
-31
Let v(c) = c**3 + 17*c**2 + 17*c + 11. Determine v(-16).
-5
Let w(k) = 3*k**2 - 53*k + 33. Determine w(17).
-1
Let w(l) = l**2 + 19*l + 36. What is w(-17)?
2
Let y(a) = a**2 + 9*a + 7. What is y(-9)?
7
Let v(g) = -2*g - 38. Give v(-12).
-14
Let s(t) = 27*t - 21. Determine s(1).
6
Let a(k) = 2*k - 6. Calculate a(-9).
-24
Let b(j) = -j**3 - 6*j**2 - 4*j - 4. Determine b(-4).
-20
Let g(m) = -m**2 - 7*m - 13. What is g(-6)?
-7
Let c(y) = 4*y + 114. Determine c(-29).
-2
Let c(t) = 2*t**2 + 11*t - 7. Determine c(-6).
-1
Let s(x) = x**2 + 29*x + 189. Give s(-9).
9
Let c(t) = -t**2 + 17*t - 37. Give c(15).
-7
Let y(j) = j**3 - 2*j**2 - 5*j + 10. Determine y(4).
22
Let h(k) = k**3 - 9*k**2 + 3*k + 9. Calculate h(7).
-68
Let r(p) = 7*p**2 - 35*p + 1. What is r(5)?
1
Let g(j) = -5*j + 119. Give g(25).
-6
Let f(l) = -7*l + 17. Calculate f(14).
-81
Let j(l) = l**2 + 5*l + 14. What is j(-3)?
8
Let o(k) = -k**3 - 21*k**2 + 17*k - 92. Determine o(-22).
18
Let p(v) = v**2 + 21*v + 20. Calculate p(-16).
-60
Let j(l) = -23*l + 152. What is j(6)?
14
Let v(x) = -100*x**2 - 2*x + 3. What is v(1)?
-99
Let m(l) = -l**3 + 11*l**2 - 11*l + 4. Give m(10).
-6
Let a(j) = -27*j + 12. Calculate a(2).
-42
Let x(b) = 14*b**3 + b**2 - 2*b + 1. Give x(1).
14
Let b(j) = 5*j + 59. What is b(-10)?
9
Let k(a) = 2*a. What is k(-6